 3681174023 composite?
False
Is 38210821963 prime?
True
Is 27286653 composite?
True
Is 436292299 a composite number?
False
Is 14943729959 prime?
True
Is 979594159 composite?
False
Is 53150808461 composite?
False
Is 1171453538 a composite number?
True
Is 92355560593 prime?
True
Is 15769373474 a prime number?
False
Is 28691490167 prime?
True
Is 11575780739 a prime number?
True
Is 32281307 composite?
True
Is 5625138289 prime?
False
Is 255696593 a prime number?
False
Is 457565837 a prime number?
False
Is 3061908041 composite?
True
Is 12432649277 a prime number?
True
Is 1764399517 a composite number?
False
Is 181543281949 a prime number?
True
Is 11457081989 prime?
False
Is 155802277 a composite number?
False
Is 17990370833 a prime number?
False
Is 5312769999 prime?
False
Is 476776889 composite?
True
Is 3627285049 a composite number?
False
Is 25751305253 prime?
True
Is 225981373 a composite number?
False
Is 49873212359 composite?
True
Is 88761983 composite?
True
Is 26528836903 a composite number?
True
Is 414849601 composite?
False
Is 4049021357 prime?
True
Is 1013229917 composite?
True
Is 385538677 prime?
True
Is 4870839637 a composite number?
True
Is 289039078 composite?
True
Is 41144796187 composite?
True
Is 347747759 a composite number?
False
Is 16934842699 a composite number?
False
Is 793866985 prime?
False
Is 3570725779 prime?
True
Is 23710087823 prime?
True
Is 391539431 a prime number?
True
Is 2018815577 a composite number?
False
Is 5922423901 composite?
False
Is 655814357 a composite number?
True
Is 893604251 prime?
False
Is 657838841 prime?
False
Is 459573209 prime?
False
Is 12717391573 prime?
False
Is 39987330319 a composite number?
False
Is 2543557301 prime?
False
Is 891469739 a composite number?
False
Is 4511780459 a prime number?
True
Is 21877530365 prime?
False
Is 247094209 a prime number?
False
Is 253547017 a composite number?
False
Is 6557139493 prime?
True
Is 2739173867 a composite number?
False
Is 18292810297 composite?
True
Is 4712218837 a composite number?
False
Is 2667427577 a prime number?
False
Is 10421967821 composite?
True
Is 543898247 composite?
True
Is 68720321617 a prime number?
False
Is 9586409047 prime?
False
Is 37441605595 a prime number?
False
Is 448785011 a prime number?
False
Is 176250953 prime?
False
Is 1557763861 prime?
False
Is 5253580973 composite?
True
Is 1203174515 composite?
True
Is 42129345859 a prime number?
True
Is 75114563 a prime number?
True
Is 1053239801 a composite number?
False
Is 218928847 a prime number?
True
Is 1161022067 prime?
True
Is 173773381657 a composite number?
False
Is 1346310883 composite?
True
Is 3446202133 prime?
False
Is 1412991751 a prime number?
False
Is 25025428069 a prime number?
True
Is 246993767 composite?
False
Is 5729385911 prime?
False
Is 141028577 prime?
False
Is 4161028673 a prime number?
True
Is 26578251341 prime?
True
Is 50323423 composite?
True
Is 319594673 a composite number?
True
Is 55238517073 composite?
True
Is 2625378397 a composite number?
True
Is 16448599073 a prime number?
False
Is 2836944203 a composite number?
True
Is 12732122527 prime?
True
Is 3372399731 a composite number?
False
Is 207923893 prime?
False
Is 140271193 prime?
True
Is 353426503 a prime number?
False
Is 774455953 a composite number?
True
Is 115023564967 a prime number?
True
Is 1338416927 a composite number?
True
Is 3532197623 composite?
False
Is 44502148615 composite?
True
Is 60854621 composite?
True
Is 1091064479 a composite number?
True
Is 4933557971 composite?
False
Is 22992409345 a prime number?
False
Is 3891706277 composite?
False
Is 5208908053 composite?
False
Is 48820722641 a composite number?
False
Is 158384911 a prime number?
True
Is 1848045863 a prime number?
False
Is 702113431 prime?
True
Is 13298915527 a prime number?
True
Is 5042784941 a prime number?
False
Is 599529383 a composite number?
True
Is 365739050119 a prime number?
True
Is 1093939349 composite?
True
Is 7185795499 composite?
False
Is 28885376053 a composite number?
True
Is 21274431149 composite?
True
Is 423252701 prime?
True
Is 1644349757 composite?
False
Is 27563437711 a composite number?
True
Is 4866690607 composite?
True
Is 3161684329 a prime number?
False
Is 2048796133 prime?
True
Is 751462499 a prime number?
True
Is 137547343 a prime number?
True
Is 1846294223 a composite number?
True
Is 2944710842 a prime number?
False
Is 1250009899 a prime number?
False
Is 648315449 a prime number?
True
Is 10555546649 a composite number?
False
Is 24367429029 a composite number?
True
Is 2526086513 prime?
False
Is 2580176671 a prime number?
True
Is 2372224537 a prime number?
False
Is 13861381073 prime?
False
Is 37492817669 a composite number?
True
Is 59715730939 a prime number?
False
Is 38515891571 prime?
True
Is 9792293351 composite?
True
Is 165956539573 a composite number?
True
Is 17424542189 prime?
True
Is 25490929 a prime number?
True
Is 230531801 a prime number?
True
Is 6519746539 a composite number?
False
Is 1696423301 a prime number?
True
Is 1745806391 a composite number?
True
Is 1940255431 composite?
True
Is 49816069687 composite?
True
Is 552141971 a composite number?
False
Is 42491915971 composite?
False
Is 14455009763 composite?
False
Is 3095764031 prime?
False
Is 27459919801 composite?
False
Is 2387579066 composite?
True
Is 379714241395 a composite number?
True
Is 12567500951 composite?
False
Is 6703831947 a prime number?
False
Is 78580963 composite?
True
Is 12112523 composite?
True
Is 12005889169 composite?
False
Is 5444998333 prime?
False
Is 55216547459 prime?
False
Is 956538202 composite?
True
Is 9772622263 composite?
True
Is 3843145091 composite?
True
Is 158385921 composite?
True
Is 13607521001 a composite number?
False
Is 5530933097 a composite number?
False
Is 2372172065 prime?
False
Is 19075017667 composite?
False
Is 69998769011 composite?
False
Is 291516807389 prime?
True
Is 3921346927 prime?
False
Is 20382825217 composite?
False
Is 186409763 a prime number?
True
Is 253371334343 composite?
True
Is 523858807 composite?
False
Is 3426923977 composite?
False
Is 38546329571 prime?
False
Is 645139087 prime?
True
Is 61179206509 composite?
True
Is 183617846 a composite number?
True
Is 108745783 composite?
False
Is 317139767 a prime number?
False
Is 1782506461 a composite number?
False
Is 55824748153 prime?
False
Is 2332404587 prime?
False
Is 14377331291 prime?
False
Is 402597829 prime?
True
Is 17595501523 a prime number?
True
Is 52369252867 prime?
False
Is 104862413 composite?
False
Is 1907778881 a composite number?
False
Is 413234683 prime?
True
Is 553582807 a prime number?
True
Is 95458681 composite?
False
Is 159601629797 a prime number?
True
Is 7217742919 a prime number?
False
Is 10141275311 a composite number?
False
Is 8764439357 prime?
False
Is 85681239407 a composite number?
True
Is 1131048122 a composite number?
True
Is 973162583 composite?
False
Is 1105924271 a composite number?
True
Is 25627262781 a composite number?
True
Is 1532633779 a composite number?
False
Is 33674236573 prime?
False
Is 1874867669 a composite number?
False
Is 1255234613 a composite number?
False
Is 60418177 prime?
True
Is 396244993 a composite number?
True
Is 8808592549 prime?
True
Is 23450686171 a prime number?
False
Is 6980686333 a composite number?
False
Is 509829533 a composite number?
False
Is 47532231221 prime?
False
Is 348252809 a prime number?
False
Is 2315316149 a prime number?
False
Is 32216277749 composite?
False
Is 10476584669 composite?
True
Is 2703001589 a composite number?
True
Is 233398019 a prime number?
False
Is 1420382399 prime?
True
Is 880103951 composite?
True
Is 2918474477 a prime number?
True
Is 4699779517 composite?
False
Is 746280869 prime?
False
Is 610160219 a composite number?
True
Is 227752045 prime?
False
Is 264044993 a prime number?
False
Is 3185435647 a prime number?
False
Is 48978832009 a prime number?
True
Is 19522382479 composite?
False
Is 3711472697 a composite number?
False
Is 38696111 composite?
False
Is 12711660634 a prime number?
False
Is 8163126601 a prime number?
False
Is 1868351189 composite?
False
Is 49838802411 prime?
False
Is 4329280997 prime?
True
Is 5719107829 composite?
True
Is 192068122 a composite number?
True
Is 63005248249 a prime number?
False
Is 1133621143 a composite number?
False
Is 12